igit of 9281793?
2
What is the units digit of 444153?
3
What is the ten millions digit of 11871287?
1
What is the hundred thousands digit of 591373?
5
What is the tens digit of 33758624?
2
What is the hundreds digit of 768624?
6
What is the millions digit of 14682602?
4
What is the ten thousands digit of 35119480?
1
What is the hundreds digit of 1348361?
3
What is the hundred thousands digit of 126406?
1
What is the millions digit of 2920928?
2
What is the tens digit of 235724?
2
What is the ten thousands digit of 16484545?
8
What is the tens digit of 13312740?
4
What is the units digit of 2704685?
5
What is the hundreds digit of 58874?
8
What is the millions digit of 1064856?
1
What is the ten thousands digit of 33240094?
4
What is the ten thousands digit of 479311?
7
What is the units digit of 967109?
9
What is the tens digit of 523428?
2
What is the ten thousands digit of 65184?
6
What is the units digit of 1935369?
9
What is the hundred thousands digit of 296140?
2
What is the hundreds digit of 670770?
7
What is the millions digit of 14993263?
4
What is the ten thousands digit of 335670?
3
What is the tens digit of 992719?
1
What is the hundreds digit of 15981065?
0
What is the units digit of 2392413?
3
What is the hundreds digit of 452509?
5
What is the units digit of 149646?
6
What is the hundred thousands digit of 109152?
1
What is the thousands digit of 1866008?
6
What is the millions digit of 1528841?
1
What is the units digit of 12425442?
2
What is the thousands digit of 8495944?
5
What is the thousands digit of 1752114?
2
What is the tens digit of 398539?
3
What is the millions digit of 5365344?
5
What is the tens digit of 83475?
7
What is the thousands digit of 7400134?
0
What is the tens digit of 3506513?
1
What is the hundred thousands digit of 217881?
2
What is the units digit of 1303357?
7
What is the hundred thousands digit of 109943?
1
What is the tens digit of 3384009?
0
What is the hundred thousands digit of 234076?
2
What is the thousands digit of 5813637?
3
What is the ten thousands digit of 2978444?
7
What is the hundreds digit of 94586?
5
What is the units digit of 169783?
3
What is the thousands digit of 51265?
1
What is the ten millions digit of 25747304?
2
What is the tens digit of 5224?
2
What is the units digit of 244065?
5
What is the hundred thousands digit of 152915?
1
What is the hundreds digit of 1877320?
3
What is the ten thousands digit of 115529?
1
What is the tens digit of 11731938?
3
What is the tens digit of 15781194?
9
What is the thousands digit of 120266?
0
What is the thousands digit of 288040?
8
What is the ten thousands digit of 723276?
2
What is the hundreds digit of 10029907?
9
What is the hundreds digit of 15991?
9
What is the thousands digit of 2782703?
2
What is the ten thousands digit of 13247?
1
What is the hundreds digit of 1058881?
8
What is the tens digit of 10004462?
6
What is the ten thousands digit of 666452?
6
What is the thousands digit of 4175497?
5
What is the ten thousands digit of 444379?
4
What is the thousands digit of 455723?
5
What is the thousands digit of 394557?
4
What is the units digit of 643132?
2
What is the ten thousands digit of 1548375?
4
What is the thousands digit of 2053797?
3
What is the units digit of 227538?
8
What is the tens digit of 421420?
2
What is the tens digit of 37724?
2
What is the tens digit of 18254200?
0
What is the tens digit of 99583?
8
What is the ten thousands digit of 795048?
9
What is the ten thousands digit of 2815175?
1
What is the ten thousands digit of 322310?
2
What is the units digit of 2055794?
4
What is the tens digit of 3320231?
3
What is the hundreds digit of 1001851?
8
What is the hundred thousands digit of 3833192?
8
What is the hundred thousands digit of 1159468?
1
What is the tens digit of 1155922?
2
What is the ten thousands digit of 271896?
7
What is the hundred thousands digit of 129496?
1
What is the tens digit of 665018?
1
What is the tens digit of 403635?
3
What is the thousands digit of 336781?
6
What is the units digit of 41181990?
0
What is the units digit of 237979?
9
What is the thousands digit of 36198174?
8
What is the ten thousands digit of 867727?
6
What is the units digit of 3123448?
8
What is the thousands digit of 97776?
7
What is the ten thousands digit of 3913780?
1
What is the ten thousands digit of 1681547?
8
What is the hundred thousands digit of 5740569?
7
What is the tens digit of 73368?
6
What is the units digit of 59804?
4
What is the hundred thousands digit of 562287?
5
What is the hundreds digit of 218496?
4
What is the units digit of 2214306?
6
What is the hundreds digit of 47547?
5
What is the units digit of 3830371?
1
What is the units digit of 1043147?
7
What is the thousands digit of 685655?
5
What is the ten thousands digit of 1636838?
3
What is the units digit of 554964?
4
What is the hundreds digit of 5632819?
8
What is the units digit of 1172037?
7
What is the hundreds digit of 118786?
7
What is the tens digit of 2114926?
2
What is the hundreds digit of 11917810?
8
What is the millions digit of 1662556?
1
What is the units digit of 27523?
3
What is the units digit of 14132934?
4
What is the hundreds digit of 299941?
9
What is the tens digit of 5524880?
8
What is the thousands digit of 426070?
6
What is the hundreds digit of 1793015?
0
What is the hundred thousands digit of 4508131?
5
What is the hundreds digit of 2543835?
8
What is the units digit of 2336957?
7
What is the units digit of 23069?
9
What is the ten thousands digit of 394892?
9
What is the ten thousands digit of 145392?
4
What is the units digit of 8608503?
3
What is the hundreds digit of 14475370?
3
What is the tens digit of 189607?
0
What is the ten thousands digit of 112815?
1
What is the ten thousands digit of 19110528?
1
What is the millions digit of 18741049?
8
What is the tens digit of 2681833?
3
What is the ten thousands digit of 315838?
1
What is the units digit of 20409233?
3
What is the ten millions digit of 12920876?
1
What is the tens digit of 131953?
5
What is the hundred thousands digit of 293527?
2
What is the thousands digit of 40210?
0
What is the thousands digit of 529489?
9
What is the units digit of 25163?
3
What is the ten thousands digit of 1501315?
0
What is the tens digit of 1594335?
3
What is the ten thousands digit of 894780?
9
What is the millions digit of 1952592?
1
What is the units digit of 403962?
2
What is the thousands digit of 3035922?
5
What is the tens digit of 4047961?
6
What is the hundred thousands digit of 186759?
1
What is the units digit of 4943555?
5
What is the thousands digit of 161232?
1
What is the hundreds digit of 21360411?
4
What is the hundreds digit of 201086?
0
What is the ten thousands digit of 5069113?
6
What is the units digit of 32676114?
4
What is the tens digit of 33646?
4
What is the ten thousands digit of 8907327?
0
What is the ten thousands digit of 134311?
3
What is the thousands digit of 809732?
9
What is the units digit of 1619446?
6
What is the tens digit of 35593?
9
What is the tens digit of 16641314?
1
What is the thousands digit of 104585?
4
What is the tens digit of 402023?
2
What is the hundred thousands digit of 194691?
1
What is the thousands digit of 24035416?
5
What is the units digit of 2435788?
8
What is the ten thousands digit of 628015?
2
What is the hundred thousands digit of 1526176?
5
What is the millions digit of 6786153?
6
What is the units digit of 9463631?
1
What is the thousands digit of 343254?
3
What is the tens digit of 3270319?
1
What is the hundred thousands digit of 277244?
2
What is the ten thousands digit of 20101976?
0
What is the units digit of 5277030?
0
What is the millions digit of 15654596?
5
What is the hundreds digit of 4543446?
4
What is the thousands digit of 3032555?
2
What is the thousands digit of 1971552?
1
What is the units digit of 1592323?
3
What is the thousands digit of 225535?
5
What is the hundreds digit of 4765404?
4
What is the thousands digit of 1315772?
5
What is the thousands digit of 13937187?
7
What is the thousands digit of 402991?
2
What is the ten millions digit of 24792428?
2
What is the millions digit of 4130134?
4
What is the hundreds digit of 3306009?
0
What is the hundreds digit of 211970?
9
W